13 - 6 - -14))
81
Calculate (22 + -12 + 7 - (113 + -27)) + 8 + -1.
-62
What is -2 + (68 - (-10 + -7 - -16) - 4)?
63
What is 2 + 8 + -1 + -2 + (100 + -6 - 187)?
-86
Evaluate -12 - -3 - (143 + -72 + -102).
22
Calculate 91 + -101 + -13 - (24 + 1).
-48
(0 - -1) + (-5 - -6) + -33 + 3
-28
-1 - (1 + -3 + (-46 - -56) + -43)
34
What is the value of -2 + -1 + 72 - (4 + 51 - 29 - 23)?
66
20 - ((-119 - -122) + (10 - 5) + -15)
27
Calculate -16 + (-337 - -325 - (9 + 1)).
-38
What is -4 + -3 + 27 - (1 + 50 + -31)?
0
Calculate 1 + (-1 - -3) - -3 - (-25985 + 26106).
-115
-1 + 27 - (64 + (-136 - -74))
24
What is the value of 0 + -18 + (-42 - -38) + 5 + 13?
-4
What is 34 + 5 + 22 + 3 + (207 - 235)?
36
Calculate (-21 - -31) + 6 + (-1 - -3) + -3.
15
Evaluate (17 + (-6 - -3) - (-3 + 6)) + 0 - 29.
-18
Calculate (-19 - -135) + -8 + (-14 - 2) + 40.
132
What is -33 + 28 + -63 + 33 + 99?
64
-3932 + 4057 + -92 + 1
34
Evaluate (4 - 3) + 8 + 5 + -16 + -5 + 11.
4
What is the value of 85 + (25 - 28) - (120 - 146)?
108
What is 0 + (-1 - (-53 + -1)) + -33 + (1 - -31)?
52
Calculate (10 - 0) + (100 - 35).
75
Calculate -24 - -12 - (-19 + 56 + -26 + -17).
-6
(41 - 23 - 17) + 1 + -45 + 1
-42
Evaluate 2 - (114 + -36 - 44).
-32
What is -1 + 0 + -19 + -4 + -2 - (41 + -32)?
-35
Evaluate (9 - (0 - (-31 - -13) - 8)) + 40.
39
What is the value of 350 + -348 - (50 - -8 - (0 - -1))?
-55
-17 - -100 - 49 - 36
-2
Evaluate (-61 - -21 - -4) + (3 - (2 + -3)).
-32
Calculate -182 + 246 - 70 - (1 - -3).
-10
What is (-737 - -807) + -11 + 41?
100
Calculate 155 + (-89 - -51) + -10.
107
What is the value of 6 + (8 - 37 - -13) + 5?
-5
Evaluate 3 + 1 + (-3 - (3 - 7)) + -5314 + 5409.
100
What is the value of (-2 + 2 - 73) + (0 - (-3 - -19) - -24)?
-65
Evaluate -414 + 316 - (-1 - 15).
-82
Calculate -151 + 93 - -74 - (7 - (2 + -2 - -1)).
10
(315 - 367) + 47 - (60 - 0)
-65
What is the value of 9 + -1 + 0 + -865 + 869 - 3?
9
(-33 - (-174 + 168 + -16 + -1)) + 142
132
What is the value of (-15 - (-9 + -67)) + (82 - 55)?
88
Calculate -21 - (-20 - 23) - -51.
73
54 - (4 + 5 + (-11 - -5) - -4)
47
Evaluate -4 - 42 - (-203 - -115).
42
Evaluate 20 + -31 + (17 - -16 - 2).
20
Evaluate 20 - (1 + 28 + 9 + -23) - (27 + -1).
-21
(-2 - (18 + -20)) + (-23 - -19) + -104
-108
Evaluate -2 + -10 + (-10 + -13 + 91 - 13).
43
Evaluate 91 + 10 + 27 + -8 + -23 + 0 + -22.
75
What is (140 - -51 - 109) + -134?
-52
What is the value of -21 + -5 - (28 + -17)?
-37
What is the value of 61 + (24 - (7 - -35)) + 2?
45
Evaluate -35 - (38 + -37 + -15 + 11 + 0).
-32
What is the value of 45 - (5 - -19 - (-3 - -11))?
29
What is -26 + (8 - -12) + -14 + -23?
-43
-37 - (-12 + (-11 - 18))
4
Calculate 22 + 4 - (-93 - -105 - (25 + -2)).
37
Calculate 4 + -3 + (6 - (-94 - (-10 - (3 + -11)))).
99
Evaluate -22 - (-4146 + 4144 - (105 + -1 + 2)).
86
What is (-16 - -6 - -12) + 3 + -13 + -2 - 6?
-16
Calculate 124 - (-98 + 29 - -234).
-41
23 + -2 + 0 + (12 - (9 + 11 - -1))
12
Calculate 36 + (18 + 16 - 62) + (-3 - 34).
-29
(66 - (-39 + 127)) + -1 + 79
56
Evaluate -8 - (16 + -6 + -2 + -3) - 60.
-73
Calculate (12 - 16 - 5) + -39 + (7 - (4 + 0)).
-45
What is the value of 63 + (141 - 131 - 58)?
15
What is the value of -149 - (23 + -16 - 87)?
-69
Calculate (-73 - (-6 - ((4 - 21) + 15 + -12))) + 3.
-78
What is the value of (-9 + (38 - 21) + 2 - (0 + 21)) + 86?
75
(14 - (11 - -15)) + -15 + 2 + 14
-11
Calculate (23 + 1 - (-89 + 106)) + -14 - -55.
48
(1 - 0) + 21 + 25 + (-13 - -4)
38
What is the value of (-5 - 6) + (-1 - 0) + (12 - (43 - 16))?
-27
Evaluate (-1 - -8) + (-399 - -417) + 3 + 55.
83
What is (-1 - 7 - 88) + 1 + -227 + 212?
-110
Calculate 24 + (-29 - (32 - 5)) + 15.
-17
What is the value of -9 + 128 + -49 - (0 + -3 + 16)?
57
Evaluate (29 - -1) + -16 + 14 + 3 - (-1 - -3).
29
What is 46 + 3 + 45 + (-3 - 40) - (2 + 1)?
48
(2 - 101) + (6 - (-276 + 267))
-84
What is the value of -14 + (14 + -23 - -8) + -23?
-38
Evaluate -18 + (-6 - ((-17 - 1) + 26)).
-32
(-4 - -15) + 2 - (-27 + -2 + 32)
10
Calculate (-26 - 0) + (113 - 250 - -134).
-29
Calculate 3 + (885 + -878 + -4 + -1 + 1 - -33).
39
Calculate (402 + -430 - (1 - 5)) + -55.
-79
Calculate 207 + -16 + -188 + -58 + 0 + 0.
-55
14588 + -14595 + -66 + 2
-71
Evaluate -15 - -12 - -14 - (14 + -10 + -30).
37
Calculate 123 + -33 + -49 + -81.
-40
1 - -22 - (311 + -255 + 38)
-71
What is -37 + 2 + (-1390 - -1376)?
-49
What is (-8 + 18 - 6) + 1 + -12?
-7
Calculate (16 - 8 - (1 - -1)) + (36 - -5) - -5.
52
What is 1 - (1 - -3 - (1 - 1) - (300 - 302))?
-5
Evaluate -26 - (-23 + (-35 - -6)).
26
What is the value of 15 - (22 - (2 - (36 - 8)))?
-33
What is the value of -2 + 13 - (-185 + 362 - 208)?
42
What is the value of -7 - (-7 + 24 + 30 + (-2 - -1) - 0)?
-53
0 - (0 - -93) - (63 + (15 - (56 + 9)))
-106
What is -1 + 8 + 18 + 5 + -40 - 114?
-124
What is 2 + 9 + -30 + 10 + (49 - (17 - 26))?
49
Evaluate (-8 - (-3 - 3)) + (-8 + 69 - (-1 + 13)).
47
-36 + 8 + -11 + -17 + 0 + 15
-41
Evaluate 54 + -3 + 884 + -907.
28
What is the value of -8 - -33 - (-83 + 101)?
7
What is (2 - -35) + 2714 + -2759?
-8
Evaluate (0 - (20 + 30 - 1)) + 5.
-44
Calculate 5 + (31 + 1 - (46 + -53 + (9 - -1))).
34
Calculate 34 + -11 + -51 - (-3 + -21) - 1.
-5
Calculate 12 + 1 - ((18 - (53 - 26)) + -15).
37
Calculate 0 - (-46 + (130 - 95) - (2 - 3 - -98)).
108
What is the value of -38 + (6 + 7 - (42 + -31))?
-36
(19 - 45 - -29) + -13 + (1 - (2 + -4))
-7
Calculate (22 - 1) + (-18 + -1 - 16) + 38.
24
Calculate (10 + 108 - (-3 - -35)) + 1 + -13.
74
-13 + (6 - (6 + -2)) + (-14 - -46) + 9
30
Evaluate 18 + (-15 + -20 - 14) - -9.
-22
Calculate 67 + (10 - (4 - 10)) + -32.
51
Evaluate 80 + ((12 - -2) + 0 - (-3137 + 3163)).
68
What is the value of -214 - (-37 - (6 - -76))?
-95
(-42 - -47) + 45 + (-1 - 3)
46
(-9 - (5 + -17)) + 16 + -34
-15
What is the value of 1 + -13 - (-179 + 66 - -124)?
-23
Calculate -35 - (-7 - -42 - 75) - (-121 + 0).
126
35 - (26 + 2 - (9 - 14))
2
36 - ((103 - 49) + -39)
21
(2 + -5 - 1) + (-8 + 0 - 3) + -49
-64
What is the value of -26 + (94 - 72) + (8 - (2 - -2)) + 117?
117
83 + -25 + -19 + -6
33
Evaluate -4 - (0 + 3 + -18 + (-8 + 3 - -18)).
-2
What is (-21 - (-70 + (56 - 22))) + -70?
-55
(1 + -35 + 12 - -16) + 44 + -3
35
Calculate -21 + 32 + -5 - ((-52 - -3) + (2 - 6)).
59
What is 21 + -147 - (515 + -525)?
-116
Calculate (41 + -13 - 34) + 109 + -9.
94
21 - -10 - (15 - (4 + 12))
32
What is (-12 - -12 - -9) + (9 + 4 - 4) - -1?
19
Calculate -17 - (18 + 88 + -89).
-34
11 - (47 - -8 - 48)
4
What is the value of -213 + 239 + (0 - 13) - (-10 - 6)?
29
Calculate 32 - (-30 - -2) - (-10 + 40).
30
1 - (3 - (1 + -6)) - (-49 - -47)
-5
Evaluate -9 + -48 + 126 + -44 - -48.
73
What is the value of 5 + 0 - ((11 - (-11 - -10)) + -7 + -64)?
64
Calculate (-4 - -6) + 85 + -83 - -7.
11
(13 - -5 - 3) + -9 + -80
-74
Calculate 3 + 8 + (-12 - -2) + 26.
27
What is the value of -1 - 42 - -19 - -114 - (-18 - -2)?
106
What is the value of (143 - 182) + 46 - ((0 - -1) + -20)?
26
Evaluate -32 + 86 + (12 - (-27 + 49)).
44
Evaluate -23 + (2 + 0 - -14) - -161 - 0 - 11.
143
Calculate (-6 - (3 + (2 - 18))) + (22 - (22 - -9)).
-2
Evaluate (11 - 25) + (-2 - 20) + 76.
40
4 + -9 + 0 + (6 - 8) + (115 - 37)
71
39 - (-87 + 184 + -80)
22
What is the value of 133 - (-2 - (7 - 11)) - (3 + -33 + 41)?
120
Evaluate 132 + (10 + -189 - -80).
33
What is the value of (77 - 132) + 184 + -64?
65
Evaluate -25 + 9 + 10 + -13 - (10 + (-3 - 3)).
-23
What is -187 + (-59 - (-21 + -176))?
-49
What is -61 - (-118 + (83 - 66))?
40
Calculate (-66 - (-28 + -63)) + (3 - 18).
10
Calculate -20 - (1 + 1) - (-1164 - -1145).
-3
Calculate (1 - 2) + 38 + (94 + -1 - 81) - -4.
53
What is 39 - (88 - (-35 + 81))?
-3
((-1 - (13 - 25)) + -1 + -100 - 12) + -11
-113
Calculate 20 + (-83 - (19 - 58)).
-24
Calculate 4 + -12 + (-4 - -6 - -16) + 13.
23
Evaluate 1 - (2 + -4) - (236 + -86 + -135).
-12
11 - ((-9 - -25 - -1 - 17) + -5)
16
What is the value of 5 + 2 + (-378 - -395) + 16?
40
Evaluate -40 + 77 + -46 + (2 - 56) + -3.
-66
Evaluate 0 + (-33 - -28) + 9 + -17 + -36.
-49
Calculate -99 - (8 + -23 + 9 - 21).
-72
Calculate (-3 - 20) + 1 + -7896 + 7863.
-55
Calculate 4 + (-78 - -67) - 56.
-63
What is the value of (35 - 119) + (0 - -5) + (-136 - -133) + 6?
-76
What is the value of -96 + (-3 - (12 - 179))?
68
Calculate (-11 - (-4 + -7) - 7) + 1 + 